{"id":267,"date":"2022-09-08T17:54:07","date_gmt":"2022-09-08T17:54:07","guid":{"rendered":"https:\/\/zeltisconsulting.com\/zeltisconsulting\/projects\/champsdeslys_new\/?page_id=267"},"modified":"2022-12-21T11:08:26","modified_gmt":"2022-12-21T11:08:26","slug":"administration","status":"publish","type":"page","link":"https:\/\/zeltisconsulting.com\/zeltisconsulting\/projects\/champsdeslys_new\/administration\/","title":{"rendered":"Administration"},"content":{"rendered":"<p><\/p>\n<h2>Pr\u00e9sentation G\u00e9n\u00e9rale<\/h2>\n<p>Le <strong>Complexe scolaire \u00ab Les Champs du Lys \u00bb<\/strong> est un ensemble d\u2019\u00e9tablissements d\u2019enseignement g\u00e9n\u00e9ral maternel, primaire et secondaire priv\u00e9s et la\u00efcs situ\u00e9s \u00e0 la descente du march\u00e9 Mendong \u00e0 Yaound\u00e9, capitale du Cameroun.<\/p>\n<p>Fond\u00e9 en 2005 par un couple d\u2019\u00e9ducateurs camerounais, Madame Sakou Gertrude et Monsieur Sakou Jean, il regroupe un <strong>Centre Educatif Bilingue (anglophone et francophone) Maternel et Primaire \u00ab les Champs du Lys \u00bb<\/strong> ouvert en 2005 et <strong>un Coll\u00e8ge \u00e0 cycles complets \u00ab Le Champs des Lys \u00bb<\/strong> ouvert en 2012. <\/p>\n<p>Le Complexe scolaire \u00ab Les Champs du Lys \u00bb est un milieu \u00e9ducatif par excellence qui s\u2019occupe de l\u2019\u00e9ducation intellectuelle, physique, morale, civique et spirituelle des enfants et des adolescents sans distinction de race, d\u2019ethnie, de classe sociale ou de sexe afin de former des citoyens dignes et responsables, acteurs et artisans du d\u00e9veloppement.<\/p>\n<p>La d\u00e9nomination du <strong>Complexe scolaire \u00ab Champs du Lys \u00bb<\/strong> renvoie \u00e0 la vision des fondateurs qui aspirent faire de cette institution scolaire un mod\u00e8le d\u2019environnement paisible et joyeux, un cadre id\u00e9al o\u00f9 se forment dans la conscience et le comportement des apprenants, des enseignants et de tous les visiteurs les hautes valeurs humaines dont la <strong>puret\u00e9<\/strong> symbolis\u00e9e par le <strong>Lys<\/strong> est la plus grande vertu ; d\u2019o\u00f9 la devise : <strong>PURETE-TRAVAIL-SUCCES.<\/strong> <\/p>\n<p>L\u2019insertion dans les programmes scolaires de toutes les classes du <strong>Complexe scolaire Les Champs du Lys<\/strong> d\u2019une <strong>discipline in\u00e9dite appel\u00e9e \u00ab Les Valeurs de la vie \u00bb<\/strong> avec l\u2019enseignement des 10 Commandements de Dieu, des Lois de la nature, des vertus et des qualit\u00e9s humaines telles que l\u2019amour, la justice, la puret\u00e9, la pudeur, la chastet\u00e9, la politesse, la tol\u00e9rance, l\u2019ob\u00e9issance, la beaut\u00e9, la f\u00e9minit\u00e9, la masculinit\u00e9, le respect de l\u2019environnement, etc. vise \u00e0 atteindre les objectifs nobles d\u2019une \u00e9ducation compl\u00e8te d\u00e8s la prime enfance, \u00e0 prot\u00e9ger les enfants contre les d\u00e9viances de la soci\u00e9t\u00e9 moderne et \u00e0 former des \u00eatres humains accomplis.<\/p>","protected":false},"excerpt":{"rendered":"<p>Pr\u00e9sentation G\u00e9n\u00e9rale Le Complexe scolaire \u00ab Les Champs du Lys \u00bb est un ensemble d\u2019\u00e9tablissements d\u2019enseignement g\u00e9n\u00e9ral maternel, primaire et secondaire priv\u00e9s et la\u00efcs situ\u00e9s \u00e0 la descente du march\u00e9 Mendong \u00e0 Yaound\u00e9, capitale du Cameroun. Fond\u00e9 en 2005 par un couple d\u2019\u00e9ducateurs camerounais, Madame Sakou Gertrude et Monsieur Sakou Jean, il regroupe un Centre [&hellip;]<\/p>\n","protected":false},"author":1,"featured_media":0,"parent":0,"menu_order":0,"comment_status":"closed","ping_status":"closed","template":"page-templates\/adminstration.php","meta":{"ngg_post_thumbnail":0,"footnotes":""},"class_list":["post-267","page","type-page","status-publish","hentry"],"_links":{"self":[{"href":"https:\/\/zeltisconsulting.com\/zeltisconsulting\/projects\/champsdeslys_new\/wp-json\/wp\/v2\/pages\/267","targetHints":{"allow":["GET"]}}],"collection":[{"href":"https:\/\/zeltisconsulting.com\/zeltisconsulting\/projects\/champsdeslys_new\/wp-json\/wp\/v2\/pages"}],"about":[{"href":"https:\/\/zeltisconsulting.com\/zeltisconsulting\/projects\/champsdeslys_new\/wp-json\/wp\/v2\/types\/page"}],"author":[{"embeddable":true,"href":"https:\/\/zeltisconsulting.com\/zeltisconsulting\/projects\/champsdeslys_new\/wp-json\/wp\/v2\/users\/1"}],"replies":[{"embeddable":true,"href":"https:\/\/zeltisconsulting.com\/zeltisconsulting\/projects\/champsdeslys_new\/wp-json\/wp\/v2\/comments?post=267"}],"version-history":[{"count":2,"href":"https:\/\/zeltisconsulting.com\/zeltisconsulting\/projects\/champsdeslys_new\/wp-json\/wp\/v2\/pages\/267\/revisions"}],"predecessor-version":[{"id":694,"href":"https:\/\/zeltisconsulting.com\/zeltisconsulting\/projects\/champsdeslys_new\/wp-json\/wp\/v2\/pages\/267\/revisions\/694"}],"wp:attachment":[{"href":"https:\/\/zeltisconsulting.com\/zeltisconsulting\/projects\/champsdeslys_new\/wp-json\/wp\/v2\/media?parent=267"}],"curies":[{"name":"wp","href":"https:\/\/api.w.org\/{rel}","templated":true}]}}

<p></p>
<h2>Présentation Générale</h2>
<p>Le <strong>Complexe scolaire « Les Champs du Lys »</strong> est un ensemble d’établissements d’enseignement général maternel, primaire et secondaire privés et laïcs situés à la descente du marché Mendong à Yaoundé, capitale du Cameroun.</p>
<p>Fondé en 2005 par un couple d’éducateurs camerounais, Madame Sakou Gertrude et Monsieur Sakou Jean, il regroupe un <strong>Centre Educatif Bilingue (anglophone et francophone) Maternel et Primaire « les Champs du Lys »</strong> ouvert en 2005 et <strong>un Collège à cycles complets « Le Champs des Lys »</strong> ouvert en 2012. </p>
<p>Le Complexe scolaire « Les Champs du Lys » est un milieu éducatif par excellence qui s’occupe de l’éducation intellectuelle, physique, morale, civique et spirituelle des enfants et des adolescents sans distinction de race, d’ethnie, de classe sociale ou de sexe afin de former des citoyens dignes et responsables, acteurs et artisans du développement.</p>
<p>La dénomination du <strong>Complexe scolaire « Champs du Lys »</strong> renvoie à la vision des fondateurs qui aspirent faire de cette institution scolaire un modèle d’environnement paisible et joyeux, un cadre idéal où se forment dans la conscience et le comportement des apprenants, des enseignants et de tous les visiteurs les hautes valeurs humaines dont la <strong>pureté</strong> symbolisée par le <strong>Lys</strong> est la plus grande vertu ; d’où la devise : <strong>PURETE-TRAVAIL-SUCCES.</strong> </p>
<p>L’insertion dans les programmes scolaires de toutes les classes du <strong>Complexe scolaire Les Champs du Lys</strong> d’une <strong>discipline inédite appelée « Les Valeurs de la vie »</strong> avec l’enseignement des 10 Commandements de Dieu, des Lois de la nature, des vertus et des qualités humaines telles que l’amour, la justice, la pureté, la pudeur, la chasteté, la politesse, la tolérance, l’obéissance, la beauté, la féminité, la masculinité, le respect de l’environnement, etc. vise à atteindre les objectifs nobles d’une éducation complète dès la prime enfance, à protéger les enfants contre les déviances de la société moderne et à former des êtres humains accomplis.</p>

<p>Présentation Générale Le Complexe scolaire « Les Champs du Lys » est un ensemble d’établissements d’enseignement général maternel, primaire et secondaire privés et laïcs situés à la descente du marché Mendong à Yaoundé, capitale du Cameroun. Fondé en 2005 par un couple d’éducateurs camerounais, Madame Sakou Gertrude et Monsieur Sakou Jean, il regroupe un Centre [&hellip;]</p>
